umber?
True
Is 591272249 prime?
False
Is 466427567 prime?
False
Is 8573120813 composite?
False
Is 279810149 composite?
False
Is 87366079903 a composite number?
True
Is 12123996351 a composite number?
True
Is 2108436853 a prime number?
False
Is 16277910247 prime?
True
Is 10133469403 prime?
True
Is 5891616151 a composite number?
True
Is 5254802803 composite?
True
Is 1320301649 a composite number?
False
Is 11617439171 prime?
False
Is 352225369 a prime number?
True
Is 1788740621 prime?
False
Is 24347563577 prime?
True
Is 2087952011 prime?
True
Is 2625722626 composite?
True
Is 85091432837 a prime number?
False
Is 431060381 composite?
True
Is 60446626 a prime number?
False
Is 208748909 composite?
False
Is 16246360513 a prime number?
True
Is 213034891 a prime number?
False
Is 149100996449 composite?
False
Is 677216717 a prime number?
True
Is 26215641233 a prime number?
True
Is 4264631731 composite?
False
Is 4378297207 a composite number?
False
Is 640496737 prime?
True
Is 1682389651 a prime number?
True
Is 1374266941 prime?
False
Is 107957675629 a prime number?
False
Is 1128975503 composite?
False
Is 357661571 a prime number?
False
Is 6199560701 composite?
False
Is 1499135593 a composite number?
True
Is 1395835897 prime?
False
Is 36868975294 a prime number?
False
Is 1661471689 composite?
True
Is 233066023 a prime number?
True
Is 1114831301 prime?
True
Is 1854262126 a composite number?
True
Is 3210442009 a composite number?
True
Is 78638928911 prime?
False
Is 1771845239 prime?
False
Is 7181733599 a prime number?
True
Is 911095019 composite?
False
Is 477832253 composite?
True
Is 26164755697 a prime number?
True
Is 9525445603 composite?
False
Is 18073894331 a prime number?
False
Is 10314776377 prime?
True
Is 132077512943 a composite number?
False
Is 50917305239 prime?
False
Is 5964160577 prime?
False
Is 35140069231 a prime number?
False
Is 9450042677 a composite number?
False
Is 22797702107 a prime number?
False
Is 31767178679 prime?
True
Is 8010527989 a composite number?
False
Is 42735002623 composite?
False
Is 40793269681 a prime number?
False
Is 92284523 composite?
True
Is 269446650241 prime?
True
Is 744162911 a composite number?
True
Is 2132093819 prime?
True
Is 1261735997 prime?
True
Is 36826934629 a composite number?
True
Is 24125283107 a prime number?
True
Is 582462817 prime?
False
Is 1723448611 prime?
True
Is 75426106953 prime?
False
Is 577390819 prime?
True
Is 2331058511 composite?
False
Is 86991896573 a composite number?
False
Is 2057779081 composite?
True
Is 424751279 prime?
True
Is 3193764401 composite?
True
Is 10130324374 a composite number?
True
Is 29328693841 a prime number?
True
Is 44814137 composite?
False
Is 1978038707 composite?
True
Is 41637768911 a composite number?
False
Is 19806121 prime?
False
Is 13460473387 composite?
False
Is 4150791527 prime?
True
Is 92295568373 composite?
False
Is 1965662554 composite?
True
Is 865087571 a prime number?
False
Is 309529440443 composite?
True
Is 29177970667 a composite number?
False
Is 172334934979 prime?
False
Is 878321441 a prime number?
True
Is 16572786071 prime?
False
Is 8482725106 prime?
False
Is 52455804449 a prime number?
True
Is 23501617039 composite?
False
Is 3955992401 a prime number?
False
Is 5099839123 composite?
False
Is 41613859 composite?
True
Is 1138616903 prime?
False
Is 55055431 a composite number?
False
Is 161195761 a composite number?
False
Is 1287612437 composite?
False
Is 544589261 prime?
False
Is 940810565 a composite number?
True
Is 1537103677 a composite number?
True
Is 1079877079 a prime number?
False
Is 46947120799 a prime number?
True
Is 9007626233 composite?
False
Is 603429829 a prime number?
False
Is 2426000957 composite?
False
Is 26304245389 a prime number?
False
Is 6027233657 prime?
True
Is 248370619 prime?
False
Is 1880026793 a composite number?
False
Is 8668730179 prime?
False
Is 19526835283 prime?
True
Is 1734689309 a prime number?
True
Is 2572255639 composite?
False
Is 76778017469 a prime number?
False
Is 8793480037 a composite number?
True
Is 1234185677 prime?
True
Is 4268833649 a composite number?
True
Is 260315249 prime?
False
Is 2769669041 prime?
False
Is 12237541321 a composite number?
False
Is 90754296877 a prime number?
False
Is 58135879745 a composite number?
True
Is 83488269941 prime?
True
Is 1361736527 a prime number?
True
Is 84651691 a prime number?
False
Is 217243277 a composite number?
True
Is 574692169 a prime number?
True
Is 3165154523 composite?
True
Is 1292519743 a composite number?
False
Is 45044842027 a prime number?
True
Is 134802454441 a composite number?
False
Is 16480139015 composite?
True
Is 880059247 a prime number?
False
Is 1815768737 a composite number?
False
Is 197305275559 prime?
False
Is 7416235733 a composite number?
False
Is 165922411 composite?
False
Is 37978892527 prime?
False
Is 132283837999 prime?
True
Is 566211623 prime?
False
Is 85017103967 a prime number?
False
Is 31158406 a composite number?
True
Is 58613105 composite?
True
Is 2477919909 a prime number?
False
Is 3985667587 composite?
True
Is 6003309017 a composite number?
False
Is 10086029729 prime?
False
Is 727180021 a composite number?
False
Is 11155524637 prime?
False
Is 82550281031 prime?
True
Is 45081394037 a prime number?
False
Is 30715114517 a composite number?
False
Is 1734458741 composite?
True
Is 2071176178 prime?
False
Is 293252789 composite?
False
Is 67768885533 a composite number?
True
Is 4373512897 composite?
True
Is 7116433781 prime?
True
Is 771233558 a prime number?
False
Is 615663767 a composite number?
False
Is 2325270601 prime?
False
Is 61032967 a prime number?
True
Is 679673789 composite?
False
Is 1764294694 prime?
False
Is 7229577851 composite?
False
Is 1947715006 prime?
False
Is 2554019921 prime?
False
Is 19342222637 prime?
False
Is 5137811993 a prime number?
False
Is 46900829 a prime number?
True
Is 348117043 composite?
False
Is 45488997457 a prime number?
False
Is 14470663057 composite?
False
Is 585133663 composite?
False
Is 8821363931 a composite number?
False
Is 964847977 a composite number?
False
Is 32393620433 a prime number?
True
Is 356839321 a composite number?
False
Is 775090933 a composite number?
True
Is 13577680121 a prime number?
True
Is 10538852549 prime?
True
Is 221786351 composite?
True
Is 457533721 composite?
True
Is 26714305697 a prime number?
True
Is 17275640443 a prime number?
True
Is 172740221 a composite number?
False
Is 4741612019 a composite number?
True
Is 6881205137 a prime number?
True
Is 58563161 composite?
False
Is 22744812022 a composite number?
True
Is 11971907401 a composite number?
False
Is 45060953059 a prime number?
True
Is 228027539 prime?
True
Is 1242703043 prime?
False
Is 21298681 a composite number?
False
Is 492251479 a composite number?
True
Is 62945621 prime?
False
Is 380295743 composite?
False
Is 6169703797 a prime number?
True
Is 10221046529 prime?
True
Is 12453191221 prime?
False
Is 2999579395 a prime number?
False
Is 1856061577 a prime number?
True
Is 279460309 composite?
False
Is 26560303901 a composite number?
False
Is 2842005839 a composite number?
False
Is 1966398431 composite?
False
Is 26704729841 a prime number?
False
Is 18247883699 a prime number?
True
Is 9158118961 composite?
True
Is 31097640949 prime?
False
Is 369473289 a prime number?
False
Is 63610845071 prime?
True
Is 209219653 a prime number?
False
Is 579588818647 a composite number?
False
Is 5915872667 prime?
False
Is 39138947971 composite?
True
Is 220741831 prime?
True
Is 798930763 a composite number?
False
Is 100753484629 prime?
False
Is 583939067 prime?
True
Is 1483704353 a composite number?
True
Is 7714028039 prime?
False
Is 20888466923 prime?
False
Is 2324971249 prime?
False
Is 4218866243 composite?
False
Is 76276379 a composite number?
False
Is 231694894205 a prime number?
False
Is 42475849729 prime?
True
Is 44482977779 a composite number?
False
Is 1034449267 a composite number?
False
Is 34519921 composite?
True
Is 260945203 a prime number?
True
Is 16561647677 a composite number?
False
Is 5423755663 a composite number?
True
Is 38030171 composite?
False
Is 64875159247 prime?
True
Is 26218146494 a composite number?
True
Is 4363088627 prime?
True
Is 629775449 prime?
False
Is 8045500517 a composite number?
True
Is 4792207103 composite?